e highest common divisor of f and 5?
5
Suppose -16*s = -21*s + 1710. Calculate the greatest common divisor of 36 and s.
18
Let h(u) = 12*u + 359. Let i be h(-18). What is the highest common factor of 22 and i?
11
Let c(j) = -22*j**3. Let x be c(-1). Suppose -4*z + 88 + x = 3*f, 2*f = 4. Calculate the greatest common divisor of z and 52.
26
Let k be 24*(-1)/(2/6). Let l = k - -138. Suppose -2*i + 12 = -0*i. Calculate the greatest common divisor of i and l.
6
Let p be ((-12)/(-30))/((-93)/(-45) + -2). What is the greatest common factor of 21 and p?
3
Let i(r) = 39*r - 1. Let s be i(-2). Suppose 0 = 5*u - 9*k + 4*k + 265, 4*u + 5*k + 194 = 0. Let p = u - s. What is the highest common factor of 7 and p?
7
Let c = 40 - -7. Calculate the greatest common factor of 47 and c.
47
Let q = 160 - 107. Calculate the highest common factor of 159 and q.
53
Suppose 9*b + 133 = 430. Let k(g) = g**2 + 3*g. Let j be k(-4). Suppose -j*h - 3*d + 16 = -8, -4*d + 10 = -2*h. Calculate the highest common factor of b and h.
3
Let y = -1 + 6. Let x = 29 - y. Suppose 5*t - 66 = x. What is the greatest common divisor of t and 9?
9
Let d = -1376 + 2712. Let a = d + -929. Calculate the highest common divisor of a and 37.
37
Let n(z) = 11*z**2 - 7*z + 20. Let p be n(5). What is the highest common divisor of p and 65?
65
Suppose -1728 = -5*z - 4*z. What is the greatest common factor of z and 24?
24
Let g(i) = 3*i + 16. Let o be g(-6). Let x be (o/3)/((-11)/594). What is the greatest common factor of x and 8?
4
Let t = 322 - 254. Calculate the highest common divisor of 2278 and t.
34
Let q be (-6)/5*-5 - (-3666)/13. Calculate the greatest common divisor of q and 32.
32
Let j = 45 + -41. What is the greatest common divisor of 7 and j?
1
Let c be 5/15*(-1674)/(-9). Calculate the greatest common divisor of c and 1054.
62
Suppose -18*z + 28 + 8 = 0. Suppose -25 = -5*d - 5*t, d + 8 = 2*d - z*t. Calculate the greatest common divisor of 8 and d.
2
Suppose 49*y - 55*y = -288. Calculate the greatest common divisor of 36 and y.
12
Let d = -209 - -223. Suppose 2*b - b = a + 337, 0 = 3*b + a - 1007. What is the greatest common factor of d and b?
14
Let u = -1 - 3. Let f = 7 - u. What is the greatest common factor of f and 121?
11
Suppose x = 4*h - 44, -3*x = -15 + 3. Let d(a) = -18*a - 6. Let u be d(-1). What is the highest common divisor of h and u?
12
Let b(q) = -4*q**2 + 5*q - 5. Let v be b(5). Let p = -24 - v. Calculate the greatest common factor of p and 7.
7
Let r be (-23959)/(-95) + (-2)/10. Suppose r = 2*v + v. Let t = -22 + 43. Calculate the highest common factor of t and v.
21
Suppose 4*n = 11 + 1. Suppose -5*u - 4*d = -50, -2*d = n*u - 5 - 25. What is the greatest common divisor of u and 40?
10
Let j be (-13)/195*9*-30. Calculate the highest common factor of 549 and j.
9
Let o = -10 + 13. Suppose 4*n - 7*n = -3. Let f be 1/n - (2 - 34). What is the highest common divisor of f and o?
3
Let y(x) = 55*x**2 + 199*x - 1174. Let l be y(6). What is the highest common divisor of 32 and l?
16
Let u = 1441 + -1424. Let w be 2/(-5) - (-734)/10. Suppose n - 3*v = w, v = -2*n + 40 + 134. Calculate the highest common factor of u and n.
17
Suppose -2 = -h + 1. Suppose 4*i - h = 3*i. Suppose -5*g = -i*w - 456, -g + 2*w - 7*w = -80. Calculate the highest common factor of g and 10.
10
Let o = 424 + -333. What is the greatest common divisor of 28 and o?
7
Suppose 4*x - 1 + 9 = 0, -x = 5*m + 202. Let r = 120 + m. Let f = -7 - -23. Calculate the greatest common divisor of f and r.
16
Let u be 72/(-4) - (-1 + 0). Let q = -15 - u. Let i be (-18)/((-12)/32*q). Calculate the highest common factor of i and 36.
12
Let x = 74 - 18. Let g be (((-15)/(-5))/(3/(-4)))/(3/(-6)). What is the greatest common divisor of g and x?
8
Let b(z) = -17*z + 3 + 10*z + 5*z + 5*z**2 - z**3. Let a be b(2). Calculate the greatest common factor of a and 33.
11
Let v(g) = -13*g - 315. Let r be v(-29). What is the highest common divisor of r and 496?
62
Suppose 0 = -7*w + 260 + 181. Calculate the greatest common divisor of 28 and w.
7
Suppose -h + 68 = -3*c, -c + h - 9 - 17 = 0. Let t = c + 26. What is the greatest common factor of 40 and t?
5
Let n be 1 + 0/(2 - -1). Suppose 20 = -26*p + 46*p. Calculate the highest common factor of n and p.
1
Let g(c) = 3*c - 6. Let t be g(5). Suppose t*y - 605 = 4*y. Calculate the highest common factor of 11 and y.
11
Let t(k) = -2*k + 1. Let m be t(3). Let i = -3 - m. Suppose 2*u - 66 = -u. Calculate the greatest common divisor of u and i.
2
Let t = -40 + 72. Let z be (-2)/5 - 0 - (-364)/10. Let a = 44 - z. Calculate the greatest common factor of a and t.
8
Let j(f) = 4*f**2 - f - 2. Let h be j(6). Suppose 4*k - h = 2*k. Let w = -33 + k. What is the highest common divisor of 14 and w?
7
Suppose 5*s - 64 = -3*p, 4*s = 2*p - 29 + 1. What is the greatest common divisor of p and 66?
6
Suppose -3*v + 149 = 4*c, 2*c = -0*c + 2*v + 78. Let p = 44 - c. Calculate the greatest common factor of 42 and p.
6
Let l = -391 - -395. Calculate the highest common divisor of 2 and l.
2
Let w be 2/(-8) - (-1045)/4. Suppose -4*r = 4*t + 636, -158 = 5*t + 4*r + 637. Let a = t + w. Calculate the greatest common divisor of a and 17.
17
Suppose -4*t + 24 = -3*v, 5*v - 2*t + 75 = -7*t. Let y = v + 12. Suppose -3*n + 96 = -4*q - 47, -q - 2 = y. Calculate the highest common divisor of 5 and n.
5
Let n(r) = -r**3 - r + 1. Let u be n(0). Suppose -2*y + u = -y. Let m = 35 + y. Calculate the highest common divisor of 9 and m.
9
Suppose -3*l + 165 = -3*f - f, 3*l - 138 = -5*f. Let q be (-8)/(-10)*75/6. Let o be (-1)/((-2)/q + 48/340). Calculate the greatest common factor of l and o.
17
Let m(b) = -13 + 8 + 1 + 3*b. Let h be m(6). What is the highest common divisor of 2 and h?
2
Let b(a) = 7*a + 92. Let v be b(-11). Calculate the highest common divisor of 3 and v.
3
Let i(p) = -p**2 - 32*p - 17. Let t be i(-9). Suppose -7*w + t = 3*w. Calculate the greatest common divisor of 209 and w.
19
Suppose 0 = -5*b - 2*z + 154, -3*b + 7*b = -z + 122. Let c(l) = 4*l**2 - 218*l + 128. Let u be c(54). What is the highest common factor of b and u?
10
Let p = -24 - -26. Suppose -276 = -3*l + l - p*j, -l + j = -134. Calculate the highest common divisor of 17 and l.
17
Let a = 36 + -63. Let j be (a/2)/(2/(-4)). Calculate the highest common factor of 3 and j.
3
Let l(o) = -15*o - 28. Let h be l(-6). Let c = h + -56. Calculate the highest common factor of c and 6.
6
Let z = 248 + 71. Suppose -4*c = 2*k - 458, 0 = 2*k - 4*c - z - 107. Calculate the greatest common divisor of 17 and k.
17
Suppose g = l - 21, 2*l - 20 - 7 = 5*g. What is the highest common divisor of 572 and l?
26
Let q(m) = 16*m - 6. Let v be q(4). Suppose 2*y - 4*c - 111 = -c, 2*c + v = y. Let w = y - 30. Calculate the highest common factor of w and 12.
6
Let k = -74 - -150. Calculate the highest common factor of 722 and k.
38
Let y be (0 - -1)/(5/45). Suppose -v + 4 = -y. Let z(a) = 26*a. Let k be z(1). Calculate the greatest common divisor of k and v.
13
Let t(q) = q**3 + 8*q**2 + 8*q + 4. Let d be t(-3). Let w = -6 - -11. What is the greatest common divisor of d and w?
5
Suppose 5*j - 339 = -99. Let k(c) = -c**3 - 3*c**2 + 21*c + 21. Let f be k(-6). Calculate the greatest common divisor of f and j.
3
Let z = -30 + 43. Let b be 439 + 1/((-1)/(-1 + -1)). Suppose p + p + v = 290, 3*p = -3*v + b. What is the highest common divisor of p and z?
13
Let c(t) = -t + 10. Let z be c(7). Suppose -z*s + 2*f = f + 277, -4*f = 20. Let k = -54 - s. What is the greatest common factor of 16 and k?
8
Suppose -5*g + 24 = -g. Let a(k) be the first derivative of k**4/4 + 3*k**3 + 4*k**2 - 12*k + 11. Let v be a(-5). What is the greatest common factor of v and g?
6
Suppose -166*u = -170*u + 3*w + 109, 3*u = w + 83. What is the highest common factor of u and 476?
28
Suppose 4*t + 0*t + 5*k = -209, -46 = t - 5*k. Let d be t/(-17) - 34/4*-2. Calculate the greatest common factor of 160 and d.
20
Suppose -1026 = -4*c - 5*k, -33*c + 34*c + 4*k - 251 = 0. What is the greatest common factor of 7 and c?
7
Let h be 8 + 0 + 2 + 1. Suppose -h*g = -17*g + 108. Calculate the highest common factor of 72 and g.
18
Let u(g) be the third derivative of 0*g + 1/20*g**5 + 0 - 2*g**2 + 5/24*g**4 + 0*g**3. Let s be u(-